t f be -3 - 60/9*-3. Suppose -4*y = f - 45. Calculate the remainder when 13 is divided by y.
6
Suppose 2*t = 3*t. Suppose -h - 5*d + 59 = t, 3*h + d = -d + 164. Calculate the remainder when h is divided by 14.
12
Suppose -5*q - 34 = 21. Let b = q + 38. What is the remainder when b is divided by (1 - (-3)/(-5)) + 66/10?
6
Suppose -32 = -3*w - 2*t, t = -3*w - 2*w + 51. Calculate the remainder when 38 is divided by w.
8
Let b = -166 + 186. Calculate the remainder when 75 is divided by b.
15
Suppose 3*d = j - 51, -4*d = 12 - 4. Calculate the remainder when j is divided by 16.
13
Let p = -3 - -14. Suppose 5*q - 12 = -2*z, 30 = 5*z + 6*q - 3*q. Calculate the remainder when p is divided by z.
5
Suppose 0 - 10 = -5*u. Let k = 10 - u. Suppose 0 = 2*g - k - 14. What is the remainder when g is divided by 7?
4
Calculate the remainder when (93/(-62))/(6/(-932)) is divided by 47.
45
Let v(b) = b**2 + 5*b - 5. Calculate the remainder when 23 is divided by v(2).
5
Suppose -312 = -4*p - 5*s, -3*s - 5 = -17. What is the remainder when p - (-4)/8*4 is divided by 19?
18
Suppose 3*u + 37 + 10 = -f, 39 = -u - 5*f. Calculate the remainder when 33 is divided by 2/(-14) + (-240)/u.
16
What is the remainder when 35 is divided by (-3)/3*(-4 - 14)?
17
Let d = -7 - -48. Calculate the remainder when d is divided by 11.
8
Let f be 3/(-2 - (-69)/33). Suppose f = 3*z - 12. Calculate the remainder when 28 is divided by z.
13
Suppose 4*l - 115 = 9*l. Let s = 52 + l. What is the remainder when s is divided by 11?
7
Suppose 13*r - 11*r = 0. Calculate the remainder when r/(-6) - -1*7 is divided by 2.
1
Suppose 0 = 7*l - 3*l - 40. Suppose 5*d + 0*d = 195. Let t = l + d. What is the remainder when t is divided by 17?
15
Let t(q) = -q**2 - 3*q + 17. What is the remainder when 67 is divided by t(0)?
16
Let j(a) = -a**3 - 3*a**2 - 3*a - 2. What is the remainder when 16 + 3/1 - 0 is divided by j(-3)?
5
Suppose 7*c + 30 = 723. Calculate the remainder when c is divided by 34.
31
Let x(n) = -n + 1. What is the remainder when 17 is divided by x(-9)?
7
Let j(v) = 2*v - 5. Let s = -2 + 2. Let y(u) = u + 19. Calculate the remainder when y(s) is divided by j(6).
5
Let l be ((-10)/6)/(4/(-156)). Suppose 2*y = y + l. Suppose 5*k - 20 = y. Calculate the remainder when k is divided by 9.
8
Suppose -5*s - 2*t + 76 = 0, 2 = -2*t - 2. Suppose 2*o + o + 12 = 0. What is the remainder when s is divided by (-34)/o + (-2)/(-4)?
7
Let s(j) = j - 5. Suppose -4 = -4*u - 3*y + 26, -3*u = -3*y - 12. What is the remainder when s(16) is divided by u?
5
Let f = -21 - -38. Suppose 0 = 5*a + i + 2, 2*a + 4*i = -4 - 4. Suppose 2*r + 2*r - 36 = a. Calculate the remainder when f is divided by r.
8
Let o = 160 + -116. Let q(h) = h**2 - h - 5. Let d(f) = -f**2 - 6*f. Let s be d(-5). What is the remainder when o is divided by q(s)?
14
Let u(t) = -t**2 - 7*t - 6. Let h be u(-5). Suppose 0 = 2*w - 5*z - 26, -h*w - z = -5*z - 76. Let d = 24 + w. What is the remainder when d is divided by 16?
15
Let g = 97 + -83. Suppose -4*y = -6 + 2, 5*u = 4*y + 6. Suppose u*w - 108 = -2*w. What is the remainder when w is divided by g?
13
Suppose -r + 2*t + 6 = -2, -t = 3. Suppose 22 = r*y - 6. Calculate the remainder when 26 is divided by y.
12
Suppose 65 = 5*c + 5. What is the remainder when 46 is divided by c?
10
Let b(m) = -m + 15. Let t be b(-7). Let x = 4 + t. Calculate the remainder when x is divided by 15.
11
Suppose -5*c + 195 = -115. Suppose 0 = 3*s + 2*s. Suppose s = 2*u - 6*u + 64. Calculate the remainder when c is divided by u.
14
Let r = 9 - 7. Suppose -4*p = r*v - 5*p - 164, -5*p = -4*v + 340. Let u = 85 + -58. Calculate the remainder when v is divided by u.
26
Let w = 3 - -17. What is the remainder when 35 is divided by w?
15
Let p = 16 + -30. Let o = p + 17. What is the remainder when 4 is divided by o?
1
What is the remainder when 65 is divided by 6/1*(-3)/(-3)?
5
Let x = -6 - -2. Let n = 9 - x. What is the remainder when n is divided by 4?
1
Suppose 2*v = 4*l - 236, -3*l - 5*v = -199 + 35. What is the remainder when l is divided by 21?
16
Suppose -v = -4, 5*v = 2*j - 0*v - 38. What is the remainder when j is divided by 5?
4
Let k = 5 - 2. Suppose -a = -k - 24. Suppose -2*j - 9 = -2*z - j, z = 5*j + a. Calculate the remainder when 5 is divided by z.
1
Calculate the remainder when 21 is divided by 6/15 - ((-92)/20 - 1).
3
Suppose o + 4*a = 3, 2*o - 2*a = 51 - 15. Suppose -d + 4*s = -o + 4, -2*d + 5*s = -25. Let n = -46 + 89. Calculate the remainder when n is divided by d.
13
Let i(t) = -7 + 5 - 9 + 6*t + 0*t. Calculate the remainder when 55 is divided by i(5).
17
Suppose p = -3*p. Let m = 4 + p. Calculate the remainder when 12 is divided by 13/2 + 2/m.
5
Let g = 11 - 7. Let d be 1/g + (-31)/(-4). Suppose -2*r + 26 - d = 0. Calculate the remainder when 25 is divided by r.
7
Suppose -4*q = 4*n - 116, 5*n - n + 82 = 2*q. Suppose p + 4*s = 83, -5*p + 11 = 4*s - 324. Calculate the remainder when p is divided by q.
30
Suppose -2*d + 4*d + h - 28 = 0, -d + 3*h + 14 = 0. Let p = 11 - 8. Suppose p*b - 60 - 63 = 0. What is the remainder when b is divided by d?
13
Let p be (-4)/(-12) - 478/3. Let q = -106 - p. Suppose 3*v = 4*v - 14. Calculate the remainder when q is divided by v.
11
Let u(l) = 6*l**2 + 2*l - 1. Calculate the remainder when u(-2) is divided by 5.
4
Let v(d) = 7 - 6*d + d**2 + 2*d - d. What is the remainder when v(6) is divided by 7?
6
Let h(z) = -z**2 - 3*z + 2. Let j be h(-4). What is the remainder when (-2 - j) + 3*3 is divided by 6?
3
Suppose -36 - 48 = 4*y. What is the remainder when y/(-6) - (-1)/(-2) is divided by 2?
1
Let d(h) = -5*h - 3. What is the remainder when d(-8) is divided by 10?
7
Suppose -4*s + 3*u = -38, -s + 8 = -2*u - 4. What is the remainder when 29 is divided by s?
5
Let x(s) = s**2 - 2*s - 6. Let d be x(-6). Suppose -v = v - d. Suppose -5*j + 22 = -4*z, 3*j + j + 5*z - 34 = 0. What is the remainder when v is divided by j?
3
Let i(l) = -20*l - 25. Calculate the remainder when i(-11) is divided by 33.
30
Suppose -g - 162 = -10*g. What is the remainder when 71 is divided by g?
17
What is the remainder when (-1)/(-2) + 201/6 is divided by 4?
2
Let r(v) = v**2 + 14*v - 5. Calculate the remainder when 27 is divided by r(-15).
7
Let m be 128/6*9/4. Suppose 0*g = 4*g - m. Suppose 2*s - g - 8 = 0. What is the remainder when 18 is divided by s?
8
Let o = 30 - 11. Let l = o - 11. Let b(g) = -g**3 + 7*g**2 + 10*g. What is the remainder when 31 is divided by b(l)?
15
Suppose -2*x + 14 = -4. Let w be 6*(x/(-6))/(-3). Suppose w + 1 = q. Calculate the remainder when 7 is divided by q.
3
Suppose -5*v - l + 30 = 0, -4*v + 22 = 2*l - 2. Let u = -34 - -38. Calculate the remainder when v is divided by u.
2
Suppose -3*l = -8*l + 485. Calculate the remainder when l is divided by 10.
7
Suppose 0 = 4*z - 3*x - 265, -x - 86 - 49 = -2*z. Calculate the remainder when z is divided by 18.
16
Let t = 5 - -13. What is the remainder when 34 is divided by t?
16
Let b(p) = -p**2 - 6*p + 1. Let z be b(-5). Let f = z + -1. Suppose -3*h = y + 4*y - 8, f*y - h = 24. What is the remainder when y is divided by 3?
1
Let k = -8 + 3. Let f(t) = -t**3 - 4*t**2 + 5*t + 7. Calculate the remainder when f(k) is divided by 3.
1
Suppose -60 = -5*t + 3*t. Suppose -3*z = -z + 2*n - t, -5*n + 15 = z. Calculate the remainder when z is divided by 8.
7
Let w = 27 - 14. Let k = w + 8. Calculate the remainder when 62 is divided by k.
20
Let m = -2 + 11. Let n be 2*1 + (4 - 17). Let p = -6 - n. What is the remainder when m is divided by p?
4
Suppose q + 490 = 8*q. Calculate the remainder when q is divided by 8.
6
Let n = 11 - 4. Let x = n - 2. What is the remainder when x is divided by 3?
2
Suppose -3 = 5*c - 43. Let f(z) = -z**3 + 7*z**2 + 10*z - 11. What is the remainder when f(c) is divided by 3?
2
Let i(n) = n**3 + 8*n**2 + 6. Let o be i(-8). Suppose o - 28 = -2*m. What is the remainder when 31 is divided by m?
9
Calculate the remainder when (-1 + 5)*445/20 is divided by 23.
20
Suppose 19 = 3*r - 92. Calculate the remainder when r is divided by 20.
17
Suppose 14*t - 32 = 13*t. Suppose 0 = -2*y + 5*f + 31 + 16, -8 = -3*y - 5*f. What is the remainder when t is divided by y?
10
Let c = 87 + -60. What is the remainder when c is divided by 15?
12
Le